-8 - -4 - (-12 + -2). What is the highest common factor of u and 90?
10
Let s(b) = -4*b. Let d be s(-1). Suppose 4*j - 26 = -6, -d*a - 3*j = -7. Let w be (-41)/a - 2/(-4). Calculate the highest common factor of 3 and w.
3
Let i(p) = -p + 10. Let z be i(6). Suppose z*s + 38 = 170. What is the greatest common factor of s and 22?
11
Let g(w) = -w + 7. Suppose -2*z = 17 - 7. Let x be g(z). What is the greatest common factor of x and 96?
12
Let g = 154 - 58. What is the greatest common factor of 12 and g?
12
Let k = -30 - -38. Calculate the highest common factor of k and 64.
8
Suppose 2*s - 15 - 3 = 0. Let y = s + -1. What is the highest common factor of y and 64?
8
Let z be ((-12)/(-10))/((-3)/10). Let d = z + 10. Let w be ((-24)/(-5))/6 + 71/5. Calculate the highest common divisor of d and w.
3
Suppose 0*b = 3*b, -5*i - 4*b + 605 = 0. Calculate the greatest common factor of i and 11.
11
Let p = -3 + 10. Let k = 75 + -12. Calculate the greatest common factor of p and k.
7
Let n(p) = -11*p - 2. Let y be n(-4). Calculate the greatest common factor of 6 and y.
6
Suppose 2*g = 3 - 5. Let f = 6 + g. What is the highest common factor of f and 25?
5
Let o(v) = -v + 5. Let h be o(6). Let p be (h - 0)/((-8)/320). Calculate the greatest common factor of p and 60.
20
Let g(l) = 7*l + 1. Let v be g(12). What is the greatest common divisor of v and 17?
17
Let l(g) = -g**3 - 8*g**2 + 14*g - 8. Let w be (10/(-1))/(2 - 1). Let v be l(w). Calculate the greatest common factor of 26 and v.
26
Let k(g) = -g**3 - g - 1. Let c be k(-1). Let y(j) = j**2 - j + 4. Let x be y(0). Suppose -x*l + 0*l = -32. Calculate the highest common divisor of c and l.
1
Suppose 76 = 5*a + j, 0*a - 2*j = a - 8. What is the greatest common divisor of 144 and a?
16
Let r(s) = -11*s + 16. Let i(t) = 232*t - 336. Let d(v) = -3*i(v) - 64*r(v). Let h be d(7). What is the greatest common factor of h and 10?
10
Let r be 4*(1215/6)/9. What is the highest common factor of r and 36?
18
Suppose 1 = -d + 21. Suppose 0 = -4*f + 1 + 23. Let y = 4 + f. What is the greatest common factor of d and y?
10
Suppose k - 4*k + 9 = 0. Suppose 0*z - k*z + 216 = 0. Calculate the highest common divisor of z and 18.
18
Let k = 86 - 15. Let t = 156 - 108. Let v = t + k. Calculate the greatest common factor of 17 and v.
17
Let x = -190 + 316. Let i be 2/(-8) + 146/8. What is the highest common divisor of i and x?
18
Suppose 0 = b - 2*v - 9, -5*b + 25 = -2*b - 4*v. Calculate the greatest common divisor of b and 14.
7
Suppose -4*h = -4*t + 8, 2*h + 12 = -2*h + 3*t. Let l be -32*(15/h - -2). Calculate the highest common divisor of 16 and l.
16
Suppose -1 = -o + 5*d, 2*o - d - 11 = -0. What is the greatest common factor of 4 and o?
2
Let x be 0/(3 + 0 - 1). Suppose 5*c - 4*c - 5 = x. Let r = 100 + -60. Calculate the highest common divisor of r and c.
5
Suppose -13 = 5*i + 17. Let x be (-10)/4*12/i. Calculate the greatest common divisor of x and 15.
5
Let x be (-1 - 1)/((-10)/15). Let y(d) = 2*d**2 + 3*d - 3. Let k be y(x). Let i = -11 + k. What is the greatest common divisor of i and 130?
13
Let g be ((-8)/3)/(6/(-63)). Suppose -u - g + 124 = 0. Calculate the highest common factor of u and 12.
12
Suppose -5*g - 5*i - 10 = 0, -6*g - 4 = -2*g + 3*i. Suppose -3*x = 2*x - 2*l - 96, 0 = g*x - l - 38. Calculate the greatest common divisor of 10 and x.
10
Let f(z) = 2*z**2 + 6. Let n be f(-5). What is the greatest common divisor of n and 7?
7
Suppose 6885 = -o + 6*o. Let q be o/(-18)*4/(-3). What is the greatest common factor of q and 17?
17
Let a = -4 + 17. Calculate the highest common factor of a and 91.
13
Suppose b + 2*q - 13 = 0, -2*q = b + 2*b - 39. Calculate the highest common factor of 65 and b.
13
Suppose 2*f - 28 = -5*s, -5*s - 5*f + 36 = -s. Let h be (56/(-35))/(s/(-90)). Let d = h - 21. What is the greatest common factor of d and 165?
15
Let l(t) = -t**2 - 9*t - 2. Let j = -11 + 5. Let b be l(j). Suppose -2*o + 128 = -o. Calculate the greatest common factor of b and o.
16
Let m(h) = -h**3 - 4*h**2 - 3*h + 3. Let t be m(-3). What is the greatest common divisor of t and 27?
3
Suppose 2*a = 3*p - p - 50, -p = -2*a - 25. Let v(m) = 5*m**2 - 5*m - 5. Let n be v(8). What is the highest common factor of n and p?
25
Suppose 3*o = -o. Let c be -184 + o*3/(-9). Let t = -121 - c. Calculate the highest common divisor of t and 9.
9
Suppose 2*w + 38 = 106. What is the greatest common factor of w and 51?
17
Let b(u) be the second derivative of 0 + 2/3*u**3 - 2*u + u**2 + 1/3*u**4. Let t be b(-3). Calculate the greatest common divisor of 13 and t.
13
Suppose 3*w = 2*i + 2, 3*w + 2*i - 4 = 6. Suppose 2 = w*a, c + 3*a - 59 = -0*a. Calculate the greatest common divisor of 7 and c.
7
Let k be (-8)/(-28) + 4/(-14). Let g be (k - -34)*5/10. What is the highest common factor of g and 17?
17
Suppose 0 = 5*v - b - 149, -b = v - 27 - 4. Let w = 215 - 140. Calculate the highest common divisor of v and w.
15
Let l(z) = -13*z. Let y(a) = a**2 + 4*a + 3. Let v be y(-2). Let o be l(v). Calculate the greatest common divisor of o and 13.
13
Let f be (7 - 5)/((-2)/(-48)). Let s = f - 31. Calculate the highest common factor of s and 34.
17
Let m = -32 + 34. Suppose -2*f - 29 + 167 = 0. Suppose 0 = -q + v + m*v + 13, 4*q + 5*v = f. Calculate the highest common divisor of 4 and q.
4
Suppose 0 = -2*g + 4*n + 24, 7 = -2*g - 3*n - 4. What is the highest common divisor of 26 and g?
2
Let l(x) = -x**3 + x**2 - x + 3. Let k be l(0). Suppose 2*d - 12 = -d. Let v = d - -2. What is the highest common factor of v and k?
3
Let u be 1/((15/(-12))/(-5)). Let b be 107 - 0/(u/(-2)). Suppose 3*k = 4*t - b + 330, 2*t - 91 = -k. Calculate the highest common factor of 9 and k.
9
Let a(j) = -j**3 + 8*j**2 - 12. Let k be a(4). What is the greatest common divisor of 130 and k?
26
Suppose -7*p - 6 = -5*p. Let l be (-15)/(-20) - p/12. Calculate the greatest common factor of 8 and l.
1
Let i(c) be the second derivative of c**4/12 + c**3/6 - 3*c**2/2 - 6*c. Let j be i(-5). Calculate the highest common divisor of j and 136.
17
Let d = -25 - -30. Let h(m) = -3 + 0 - 1 + m**2 - m. Let k be h(d). What is the greatest common divisor of 8 and k?
8
Let o(b) = -2*b + 2. Let a be o(-4). Let s = 19 - a. Let f = 2 - -7. Calculate the highest common divisor of s and f.
9
Let x be 0/2 - (-1 + -4). Suppose 5*k - k - x*i = 27, -k = i. Suppose k*t - 94 = -22. What is the greatest common divisor of t and 12?
12
Let h be (1*(0 + 3))/1. Let s = h - -5. Let m = -11 + 19. Calculate the greatest common factor of m and s.
8
Suppose 3*r - 8 = r. Suppose 3*y = -k + 30, 4*k + 0 + 40 = r*y. Calculate the greatest common factor of 80 and y.
10
Let z = 18 - 17. Calculate the highest common factor of z and 11.
1
Suppose -8*m = -186 - 214. Let j be 5*2/4*8. Calculate the highest common divisor of m and j.
10
Let m(a) = a**3 - 4*a**2 - 6*a + 1. Let w be m(5). Let c be 472/18 + w/18. What is the greatest common factor of c and 13?
13
Let y = 148 - 50. Let a(u) = u**2 + 10*u + 3. Let k be a(-5). Let t = 36 + k. Calculate the highest common divisor of t and y.
14
Suppose -a = 5*l + 4*a - 20, 2*l = -5*a - 1. What is the greatest common divisor of 21 and l?
7
Let u(g) be the third derivative of 5*g**4/24 - 5*g**3/6 + 3*g**2. Let x be u(4). Calculate the greatest common divisor of 10 and x.
5
Suppose -g = -5*g + k - 2403, 4*g - 2*k + 2406 = 0. Let r be (2/5)/((-5)/g). Calculate the greatest common divisor of 6 and r.
6
Let m be 225/33 - (-2)/11. Suppose 0*z = z - 3. Let v be 3/(-2)*(-112)/z. What is the highest common divisor of m and v?
7
Let p = 38 - 25. Let u = 81 + -42. Calculate the highest common divisor of p and u.
13
Let t be (-102)/(-9) + (-2)/(-3). Calculate the highest common divisor of t and 18.
6
Let n(i) = 28*i + 3. Let v be n(5). Suppose -16*h + 217 = 9. What is the greatest common divisor of h and v?
13
Suppose -8 = -3*a - 5*i - 25, a = -5*i - 19. Suppose 2*y + 3*x = 23, -2*x = -a - 9. Suppose 48 = -t + y*t. What is the highest common divisor of 4 and t?
4
Let p = -26 - -50. Calculate the greatest common factor of 48 and p.
24
Let a be 200/16 - (-1)/(-2). Calculate the greatest common divisor of a and 84.
12
Let g be (-29)/1*(-3 - 0). Suppose 2*u + u - g = 0. Suppose 3*c - u - 34 = 0. What is the